{"id":6,"date":"2023-05-05T16:52:56","date_gmt":"2023-05-05T14:52:56","guid":{"rendered":"https:\/\/tibo-nome.fr\/?page_id=6"},"modified":"2023-05-24T18:20:37","modified_gmt":"2023-05-24T16:20:37","slug":"index","status":"publish","type":"page","link":"https:\/\/tibo-nome.fr\/","title":{"rendered":"Tibo Nome &#8211; Accueil"},"content":{"rendered":"\n<div class=\"wp-block-cover alignfull is-light is-repeated has-small-font-size\" style=\"padding-top:max(1.25rem, 8vw);padding-right:max(1.25rem, 8vw);padding-bottom:max(1.25rem, 8vw);padding-left:max(1.25rem, 8vw);min-height:100vh\"><span aria-hidden=\"true\" class=\"wp-block-cover__background has-background-dim-20 has-background-dim wp-block-cover__gradient-background has-background-gradient has-electric-grass-gradient-background\"><\/span><div role=\"img\" class=\"wp-block-cover__image-background wp-image-129 is-repeated\" style=\"background-position:50% 50%;background-image:url(https:\/\/tibo-nome.fr\/wp-content\/uploads\/2023\/05\/fond3.jpg)\"><\/div><div class=\"wp-block-cover__inner-container is-layout-flow wp-block-cover-is-layout-flow\">\n<div class=\"wp-block-columns is-layout-flex wp-container-5 wp-block-columns-is-layout-flex\">\n<div class=\"wp-block-column is-vertically-aligned-bottom has-background is-layout-flow wp-block-column-is-layout-flow\" style=\"border-style:none;border-width:0px;background:linear-gradient(135deg,rgba(202,247,129,0.73) 0%,rgba(114,207,126,0.85) 100%);padding-top:1.4rem;padding-right:var(--wp--preset--spacing--20);padding-bottom:var(--wp--preset--spacing--20);padding-left:var(--wp--preset--spacing--20);flex-basis:45%\">\n<p style=\"line-height:1.6\">Voici ma toute premi\u00e8re bande dessin\u00e9e : <strong><em>Dernier neurone<\/em><\/strong><\/p>\n\n\n\n<p style=\"line-height:1.6\">Laissez-vous entra\u00eener dans les m\u00e9andres d&#8217;une amiti\u00e9 hors du commun. Pr\u00e9parez-vous \u00e0 vous attacher \u00e0 ces protagonistes hauts en couleur et \u00e0 suivre leurs aventures palpitantes page apr\u00e8s page.<\/p>\n\n\n\n<div style=\"height:40px\" aria-hidden=\"true\" class=\"wp-block-spacer\"><\/div>\n\n\n\n<h2 class=\"wp-block-heading\" style=\"font-size:clamp(3rem, 6vw, 4.5rem);font-weight:300;line-height:1.115\"><em>Tibo Nome<\/em><\/h2>\n\n\n\n<ul class=\"wp-block-social-links has-icon-color has-icon-background-color is-layout-flex wp-block-social-links-is-layout-flex\"><li style=\"color: var(--wp--preset--color--foreground); background-color: var(--wp--preset--color--background); \" class=\"wp-social-link wp-social-link-instagram has-background-color has-foreground-background-color wp-block-social-link\"><a href=\"https:\/\/instagram.com\/tibo_nome\" class=\"wp-block-social-link-anchor\"><svg width=\"24\" height=\"24\" viewBox=\"0 0 24 24\" version=\"1.1\" xmlns=\"http:\/\/www.w3.org\/2000\/svg\" aria-hidden=\"true\" focusable=\"false\"><path d=\"M12,4.622c2.403,0,2.688,0.009,3.637,0.052c0.877,0.04,1.354,0.187,1.671,0.31c0.42,0.163,0.72,0.358,1.035,0.673 c0.315,0.315,0.51,0.615,0.673,1.035c0.123,0.317,0.27,0.794,0.31,1.671c0.043,0.949,0.052,1.234,0.052,3.637 s-0.009,2.688-0.052,3.637c-0.04,0.877-0.187,1.354-0.31,1.671c-0.163,0.42-0.358,0.72-0.673,1.035 c-0.315,0.315-0.615,0.51-1.035,0.673c-0.317,0.123-0.794,0.27-1.671,0.31c-0.949,0.043-1.233,0.052-3.637,0.052 s-2.688-0.009-3.637-0.052c-0.877-0.04-1.354-0.187-1.671-0.31c-0.42-0.163-0.72-0.358-1.035-0.673 c-0.315-0.315-0.51-0.615-0.673-1.035c-0.123-0.317-0.27-0.794-0.31-1.671C4.631,14.688,4.622,14.403,4.622,12 s0.009-2.688,0.052-3.637c0.04-0.877,0.187-1.354,0.31-1.671c0.163-0.42,0.358-0.72,0.673-1.035 c0.315-0.315,0.615-0.51,1.035-0.673c0.317-0.123,0.794-0.27,1.671-0.31C9.312,4.631,9.597,4.622,12,4.622 M12,3 C9.556,3,9.249,3.01,8.289,3.054C7.331,3.098,6.677,3.25,6.105,3.472C5.513,3.702,5.011,4.01,4.511,4.511 c-0.5,0.5-0.808,1.002-1.038,1.594C3.25,6.677,3.098,7.331,3.054,8.289C3.01,9.249,3,9.556,3,12c0,2.444,0.01,2.751,0.054,3.711 c0.044,0.958,0.196,1.612,0.418,2.185c0.23,0.592,0.538,1.094,1.038,1.594c0.5,0.5,1.002,0.808,1.594,1.038 c0.572,0.222,1.227,0.375,2.185,0.418C9.249,20.99,9.556,21,12,21s2.751-0.01,3.711-0.054c0.958-0.044,1.612-0.196,2.185-0.418 c0.592-0.23,1.094-0.538,1.594-1.038c0.5-0.5,0.808-1.002,1.038-1.594c0.222-0.572,0.375-1.227,0.418-2.185 C20.99,14.751,21,14.444,21,12s-0.01-2.751-0.054-3.711c-0.044-0.958-0.196-1.612-0.418-2.185c-0.23-0.592-0.538-1.094-1.038-1.594 c-0.5-0.5-1.002-0.808-1.594-1.038c-0.572-0.222-1.227-0.375-2.185-0.418C14.751,3.01,14.444,3,12,3L12,3z M12,7.378 c-2.552,0-4.622,2.069-4.622,4.622S9.448,16.622,12,16.622s4.622-2.069,4.622-4.622S14.552,7.378,12,7.378z M12,15 c-1.657,0-3-1.343-3-3s1.343-3,3-3s3,1.343,3,3S13.657,15,12,15z M16.804,6.116c-0.596,0-1.08,0.484-1.08,1.08 s0.484,1.08,1.08,1.08c0.596,0,1.08-0.484,1.08-1.08S17.401,6.116,16.804,6.116z\"><\/path><\/svg><span class=\"wp-block-social-link-label screen-reader-text\">Instagram<\/span><\/a><\/li><\/ul>\n<\/div>\n\n\n\n<div class=\"wp-block-column is-vertically-aligned-center is-layout-flow wp-block-column-is-layout-flow\" style=\"padding-top:0rem;padding-right:0rem;padding-bottom:4rem;padding-left:0rem\">\n<div class=\"wp-block-buttons is-content-justification-center is-layout-flex wp-container-3 wp-block-buttons-is-layout-flex\">\n<div class=\"wp-block-button has-custom-font-size is-style-fill\" style=\"font-size:1.4rem\"><a class=\"wp-block-button__link wp-element-button\" href=\"https:\/\/tibo-nome.fr\/index.php\/dernier-neurone\" style=\"border-radius:0px;padding-top:var(--wp--preset--spacing--40);padding-right:var(--wp--preset--spacing--40);padding-bottom:var(--wp--preset--spacing--40);padding-left:var(--wp--preset--spacing--40)\"><strong>Lire la BD gratos<\/strong><\/a><\/div>\n<\/div>\n<\/div>\n<\/div>\n\n\n\t\t\t<div class=\"noptin-inpost-main-wrapper noptin-form-id-43 noptin-optin-main-wrapper\">\n\n\t\t\t\t\n\t\t\t\t\t\t\t\t\t<style>\/*Custom css*\/\n\/* .noptin-form-id-43 .noptin-optin-form-wrapper form {\n\tpadding: 10px;\n\tborder: 6px #ffffff solid;\n}\n*\/\n\n.noptin-form-id-43 .noptin-optin-form-wrapper { \n    \/*bottom: 0px;\n    left: 20px;\n     * position: absolute;\n    z-index: 5;*\/\n \tmax-width: 500px;\n}   <\/style>\n\t\t\t\t\n\t\t\t\t<div style=' background-color:#313131; width:100%; min-height:280px; color:#FAFAFA;border-style: none; border-color: #607D8B; border-width: 9px; border-radius: 0px;' data-trigger='immeadiate' data-after-click='#id .class' data-on-scroll='25' data-after-delay='4' data-hide-seconds='604800000' class='noptin-optin-form-wrapper noptin-slide-from-bottom_right'>\n\t<form class=\"noptin-optin-form noptin-form-single-line\" >\n\n\t\t<div class=\"noptin-form-header right\">\n\n\t\t\t<div class=\"noptin-form-header-text\">\n\n\t\t\t\t\n\t\t\t\t\t\t\t\t\t<div style=\"color:#FAFAFA;font-size: 20px;font-weight: 700;line-height: 1.5; padding-top: 4px;\" class=\"noptin-form-heading\">Vous pouvez renseigner votre e-mail pour recevoir des nouvelles !<\/div>\n\t\t\t\t\n\t\t\t\t\n\t\t\t<\/div>\n\n\t\t\t\t\t\t\t<div class=\"noptin-form-header-image\">\n\t\t\t\t\t<img alt=\"icon\" src=\"https:\/\/raw.githubusercontent.com\/hizzle-co\/noptin\/master\/includes\/assets\/images\/heart.png\" \/>\n\t\t\t\t<\/div>\n\t\t\t\n\t\t<\/div>\n\n\t\t<div class=\"noptin-form-footer\">\n\n\t\t\t\t\t\t\t<div class=\"noptin-form-fields\">\n\n\t\t\t\t\t\t\t\t\t\t\t<div class=\"noptin-optin-field-wrapper noptin-optin-field-wrapper-email\">\n\t\t\t\t\t\t\t<div class=\"noptin-field-email\">\n\t\t\t<label class=\"noptin-label\" for=\"email69d5102f86324\">Email Address<\/label>\n\t\t\t<input\n\t\t\t\tname=\"email\"\n\t\t\t\tid=\"email69d5102f86324\"\n\t\t\t\ttype=\"email\"\n\t\t\t\tvalue=\"\"\n\t\t\t\tclass=\"noptin-text noptin-form-field noptin-form-field__has-placeholder\"\n\t\t\t\t\t\t\t\t\tplaceholder=\"Email Address\"\n\t\t\t\t\t\t\t\trequired\t\t\t\/>\n\n\t\t<\/div>\t\t\t\t\t\t<\/div>\n\t\t\t\t\t\n\t\t\t\t\t\n\t\t\t\t\t<input type=\"hidden\" name=\"noptin_form_id\" value=\"43\" \/>\n\n\t\t\t\t\t\t\t\t\t\t<input\n\t\t\t\t\t\tvalue=\"ok\"\n\t\t\t\t\t\ttype=\"submit\"\n\t\t\t\t\t\tstyle=\"background-color: #EAEEFF; color: #000000;\"\n\t\t\t\t\t\tclass=\"noptin-form-submit \" \/>\n\t\t\t\t<\/div>\n\t\t\t\t\t\t\t\n\t\t\t\t\t\t\t<div class=\"noptin-gdpr-checkbox-wrapper\" style=\"margin-bottom: 10px;\">\n\t\t\t\t\t<label><input type='checkbox' value='1' name='noptin_gdpr_checkbox' required=\"required\"\/><span>Je souhaite recevoir des mises \u00e0 jour par e-mail<\/span><\/label>\n\t\t\t\t<\/div>\n\t\t\t\n\t\t\t\n\t\t\t<div style=\"border:1px solid rgba(6, 147, 227, 0.8);display:none;padding:10px;margin-top:10px\" class=\"noptin_feedback_success\"><\/div>\n\t\t\t<div style=\"border:1px solid rgba(227, 6, 37, 0.8);display:none;padding:10px;margin-top:10px\" class=\"noptin_feedback_error\"><\/div>\n\t\t<\/div>\n\n\t\t\t<\/form>\n\n\t\n<\/div>\n\n\t\t\t\t\n\t\t\t<\/div>\n\t\t\n<\/div><\/div>\n","protected":false},"excerpt":{"rendered":"","protected":false},"author":1,"featured_media":0,"parent":0,"menu_order":0,"comment_status":"closed","ping_status":"closed","template":"blank","meta":{"footnotes":""},"_links":{"self":[{"href":"https:\/\/tibo-nome.fr\/index.php\/wp-json\/wp\/v2\/pages\/6"}],"collection":[{"href":"https:\/\/tibo-nome.fr\/index.php\/wp-json\/wp\/v2\/pages"}],"about":[{"href":"https:\/\/tibo-nome.fr\/index.php\/wp-json\/wp\/v2\/types\/page"}],"author":[{"embeddable":true,"href":"https:\/\/tibo-nome.fr\/index.php\/wp-json\/wp\/v2\/users\/1"}],"replies":[{"embeddable":true,"href":"https:\/\/tibo-nome.fr\/index.php\/wp-json\/wp\/v2\/comments?post=6"}],"version-history":[{"count":28,"href":"https:\/\/tibo-nome.fr\/index.php\/wp-json\/wp\/v2\/pages\/6\/revisions"}],"predecessor-version":[{"id":140,"href":"https:\/\/tibo-nome.fr\/index.php\/wp-json\/wp\/v2\/pages\/6\/revisions\/140"}],"wp:attachment":[{"href":"https:\/\/tibo-nome.fr\/index.php\/wp-json\/wp\/v2\/media?parent=6"}],"curies":[{"name":"wp","href":"https:\/\/api.w.org\/{rel}","templated":true}]}}